{"id":948,"date":"2026-03-27T06:23:19","date_gmt":"2026-03-27T06:23:19","guid":{"rendered":"https:\/\/artunion.com\/attourath\/?page_id=948"},"modified":"2026-03-27T06:23:22","modified_gmt":"2026-03-27T06:23:22","slug":"joussef-jrifi","status":"publish","type":"page","link":"https:\/\/artunion.com\/attourath\/joussef-jrifi\/","title":{"rendered":"Joussef Jrifi"},"content":{"rendered":"<div class=\"wp-block-image\">\n<figure class=\"alignleft size-full is-resized\"><img loading=\"lazy\" decoding=\"async\" width=\"458\" height=\"632\" src=\"https:\/\/artunion.com\/attourath\/wp-content\/uploads\/2026\/03\/youssef-1.jpg\" alt=\"\" class=\"wp-image-857\" style=\"width:187px;height:auto\" srcset=\"https:\/\/artunion.com\/attourath\/wp-content\/uploads\/2026\/03\/youssef-1.jpg 458w, https:\/\/artunion.com\/attourath\/wp-content\/uploads\/2026\/03\/youssef-1-217x300.jpg 217w\" sizes=\"(max-width: 458px) 100vw, 458px\" \/><\/figure>\n<\/div>\n\n\n<p>Youssef Grifi, n\u00e9 en 1982 \u00e0 Casablanca, est un chanteur marocain \u00e0 la voix envo\u00fbtante.<\/p>\n\n\n\n<p>Il a particip\u00e9 \u00e0 plusieurs concours de chant prestigieux&nbsp;:<\/p>\n\n\n\n<p>2003&nbsp;: Premier prix national de l\u2019\u00e9mission \u00ab&nbsp;Stars et Stars&nbsp;\u00bb sur Channel 2 \/ 2005&nbsp;: Premier prix national du Festival de la chanson marocaine de Marrakech.<\/p>\n\n\n\n<p>Parmi ses autres participations nationales et internationales&nbsp;: \u2013 En Tunisie, il a particip\u00e9 \u00e0 de nombreux festivals et concerts.<\/p>\n\n\n\n<p>2005 : Premier prix au Festival de Bougrine<\/p>\n\n\n\n<p>Abdelkader Wahbi \/ Concert hommage au grand compositeur, dirig\u00e9 par le Maestro Ahmed Awatif \/ 2003 : Participation \u00e0 un concert hommage avec le chef d&rsquo;orchestre de la Gendarmerie \/ 2003 : Grand concert national marocain \u00e0 Casablanca \/ 2005 : Festival de la Chanson Maghreb en Tunisie \/ 2005 : Festival de la Chanson Arabe organis\u00e9 par le Syndicat des Musiciens Libres<br>2008 : Festival El Lamma \u00e0 Oued Laou \/ 2010 : Festival Awtar \/ 2010 : Festival de la Chanson Classique d&rsquo;Essaouira \/ 2015 : Festival de Printemps de Bernoussi et plusieurs autres festivals\u2026<\/p>\n\n\n\n<p>\u00c0 l&rsquo;occasion de l&rsquo;anniversaire du l\u00e9gendaire compositeur Mohamed Abdel Wahab, accompagn\u00e9 par l&rsquo;Ensemble Marocain de Musique Arabe, dirig\u00e9 par le Maestro Salah Cherkaoui. 2006 : Participation \u00e0 un concert avec l&rsquo;Ensemble Marocain de Musique Arabe, dirig\u00e9 par le Maestro Salah Cherkaoui. Nizar Al-Qaba, en hommage au grand po\u00e8te Takr, 2006. Interpr\u00e9tation lors d&rsquo;un concert sous la direction du professeur Ali Benazzouz, propri\u00e9taire de l&rsquo;Ensemble Al-Hilal de T\u00e9touan, \u00e0 l&rsquo;occasion de l&rsquo;anniversaire de feu Abdel Halim Hafez. 2006. Soir\u00e9e avec l&rsquo;Ensemble Marocain de Musique Arabe, dirig\u00e9 par Salah Al-Marsali Cherkaoui, \u00e0 l&rsquo;occasion de l&rsquo;anniversaire de feu Abdel Halim Hafez. 2007. Participation \u00e0 une importante soir\u00e9e avec l&rsquo;Ensemble Libre de Musique Arabe, dirig\u00e9 par le professeur Mustafa Al-Rakra. 2008. Interpr\u00e9tation lors d&rsquo;une importante soir\u00e9e c\u00e9l\u00e9brant la chanson marocaine, Mohamed El Mougy, en hommage \u00e0 son p\u00e8re, le grand compositeur. Yahya Al-Mouji s&rsquo;est produit en 2009 lors d&rsquo;une grande soir\u00e9e avec le grand artiste.<\/p>\n\n\n\n<p>Le propri\u00e9taire de l&rsquo;Ensemble Al-Hilal s&rsquo;est produit en 2010 lors d&rsquo;une grande soir\u00e9e avec l&rsquo;artiste Mayada El Hennawy.<br>Abdel-Rafie El-Jawahri a rendu hommage au po\u00e8te et chanteur.<br>2012 : participation \u00e0 une soir\u00e9e hommage.<br>Baligh Hamdi s&rsquo;est produit avec l&rsquo;Ensemble Marocain de Musique Arabe, dirig\u00e9 par le Maestro Salah El-Sharkawy, \u00e0 l&rsquo;occasion de l&rsquo;anniversaire de la mort du grand compositeur.<br>2013 : participation \u00e0 une grande soir\u00e9e.<br>En hommage \u00e0 Abdel Halim Hafez.<br>2014 : participation \u00e0 une grande soir\u00e9e hommage.<br>\u00c0 l&rsquo;occasion de l&rsquo;anniversaire de Mohamed El-Haya.<br>2015 : participation \u00e0 un concert.<br>Le propri\u00e9taire de l&rsquo;Ensemble Libre de Musique Arabe, dirig\u00e9 par le Professeur Mustafa El-Rakra, \u00e0 l&rsquo;occasion de l&rsquo;anniversaire de l&rsquo;artiste marocain Raja Belmlih.<br>2016 : participation \u00e0 un concert hommage.<br>Artistes marocains.<br>2017 : Membre du Syndicat des Musiciens Libres.<br>2018 : Tourn\u00e9es artistiques. En Europe<\/p>\n\n\n\n<p>Tourn\u00e9es artistiques en Europe 2019<\/p>\n\n\n\n<p>Organis\u00e9es par un groupe d&rsquo;associations culturelles et artistiques<\/p>\n\n\n\n<p>Participation \u00e0 plusieurs \u00e9missions de t\u00e9l\u00e9vision&nbsp;:<\/p>\n\n\n\n<p>(Shada Al-Alhan &#8211; As-Sahra Lakum &#8211; Hadha Laylati &#8211; Nghaniouha Maghribiya &#8211; Alhan Ashaqnaha &#8211; Cha\u00eene marocaine 2<br>Naghmat Watay &#8211; Hadit As-Siniya &#8211; Sahra Al-Eid &#8211; Noujoum Al-Oula\u2026) )&nbsp;: Cha\u00eene marocaine 1<br>(Qatari \u008b Soixante Minutes pour l&rsquo;Art) &#8211; \u00c9mission Maqamat sur la cha\u00eene Al-Arab) mdi1 tv &#8211; \u00c9mission \u00ab&nbsp;Tunis 7&nbsp;\u00bb sur la cha\u00eene tunisienne 7<\/p>\n\n\n\n<p>\u00c9mission de chant intitul\u00e9e \u00ab&nbsp;Ya Sayyid As-Sadat&nbsp;\u00bb<\/p>\n\n\n\n<p>2014&nbsp;: Sortie de l&rsquo;album \u00ab&nbsp;Ghana&nbsp;\u00bb<\/p>\n\n\n\n<p>2017&nbsp;: Sortie du clip vid\u00e9o de la chanson \u00ab&nbsp;As-Salat Ala Muhammad&nbsp;\u00bb<\/p>\n\n\n\n<p>\u00ab&nbsp;Walou Bas&nbsp;\u00bb, bas\u00e9 aux \u00c9tats-Unis, produit une \u0153uvre authentique Chanson marocaine intitul\u00e9e \u00ab Insoul Records \u00bb 2017<\/p>\n","protected":false},"excerpt":{"rendered":"<p>Youssef Grifi, n\u00e9 en 1982 \u00e0 Casablanca, est un chanteur marocain \u00e0 la voix envo\u00fbtante. Il a particip\u00e9 \u00e0 plusieurs concours de chant prestigieux&nbsp;: 2003&nbsp;: Premier prix national de l\u2019\u00e9mission \u00ab&nbsp;Stars et Stars&nbsp;\u00bb sur Channel 2 \/ 2005&nbsp;: Premier prix national du Festival de la chanson marocaine de Marrakech. Parmi ses autres participations nationales et [&hellip;]<\/p>\n","protected":false},"author":1,"featured_media":0,"parent":0,"menu_order":0,"comment_status":"closed","ping_status":"closed","template":"","meta":{"saved_in_kubio":false,"om_disable_all_campaigns":false,"_monsterinsights_skip_tracking":false,"_monsterinsights_sitenote_active":false,"_monsterinsights_sitenote_note":"","_monsterinsights_sitenote_category":0,"_themeisle_gutenberg_block_has_review":false,"footnotes":""},"class_list":["post-948","page","type-page","status-publish","hentry"],"aioseo_notices":[],"kubio_ai_page_context":{"short_desc":"","purpose":"general"},"_links":{"self":[{"href":"https:\/\/artunion.com\/attourath\/wp-json\/wp\/v2\/pages\/948","targetHints":{"allow":["GET"]}}],"collection":[{"href":"https:\/\/artunion.com\/attourath\/wp-json\/wp\/v2\/pages"}],"about":[{"href":"https:\/\/artunion.com\/attourath\/wp-json\/wp\/v2\/types\/page"}],"author":[{"embeddable":true,"href":"https:\/\/artunion.com\/attourath\/wp-json\/wp\/v2\/users\/1"}],"replies":[{"embeddable":true,"href":"https:\/\/artunion.com\/attourath\/wp-json\/wp\/v2\/comments?post=948"}],"version-history":[{"count":1,"href":"https:\/\/artunion.com\/attourath\/wp-json\/wp\/v2\/pages\/948\/revisions"}],"predecessor-version":[{"id":950,"href":"https:\/\/artunion.com\/attourath\/wp-json\/wp\/v2\/pages\/948\/revisions\/950"}],"wp:attachment":[{"href":"https:\/\/artunion.com\/attourath\/wp-json\/wp\/v2\/media?parent=948"}],"curies":[{"name":"wp","href":"https:\/\/api.w.org\/{rel}","templated":true}]}}

<div class="wp-block-image">
<figure class="alignleft size-full is-resized"><img loading="lazy" decoding="async" width="458" height="632" src="https://artunion.com/attourath/wp-content/uploads/2026/03/youssef-1.jpg" alt="" class="wp-image-857" style="width:187px;height:auto" srcset="https://artunion.com/attourath/wp-content/uploads/2026/03/youssef-1.jpg 458w, https://artunion.com/attourath/wp-content/uploads/2026/03/youssef-1-217x300.jpg 217w" sizes="(max-width: 458px) 100vw, 458px" /></figure>
</div>


<p>Youssef Grifi, né en 1982 à Casablanca, est un chanteur marocain à la voix envoûtante.</p>



<p>Il a participé à plusieurs concours de chant prestigieux&nbsp;:</p>



<p>2003&nbsp;: Premier prix national de l’émission «&nbsp;Stars et Stars&nbsp;» sur Channel 2 / 2005&nbsp;: Premier prix national du Festival de la chanson marocaine de Marrakech.</p>



<p>Parmi ses autres participations nationales et internationales&nbsp;: – En Tunisie, il a participé à de nombreux festivals et concerts.</p>



<p>2005 : Premier prix au Festival de Bougrine</p>



<p>Abdelkader Wahbi / Concert hommage au grand compositeur, dirigé par le Maestro Ahmed Awatif / 2003 : Participation à un concert hommage avec le chef d&rsquo;orchestre de la Gendarmerie / 2003 : Grand concert national marocain à Casablanca / 2005 : Festival de la Chanson Maghreb en Tunisie / 2005 : Festival de la Chanson Arabe organisé par le Syndicat des Musiciens Libres<br>2008 : Festival El Lamma à Oued Laou / 2010 : Festival Awtar / 2010 : Festival de la Chanson Classique d&rsquo;Essaouira / 2015 : Festival de Printemps de Bernoussi et plusieurs autres festivals…</p>



<p>À l&rsquo;occasion de l&rsquo;anniversaire du légendaire compositeur Mohamed Abdel Wahab, accompagné par l&rsquo;Ensemble Marocain de Musique Arabe, dirigé par le Maestro Salah Cherkaoui. 2006 : Participation à un concert avec l&rsquo;Ensemble Marocain de Musique Arabe, dirigé par le Maestro Salah Cherkaoui. Nizar Al-Qaba, en hommage au grand poète Takr, 2006. Interprétation lors d&rsquo;un concert sous la direction du professeur Ali Benazzouz, propriétaire de l&rsquo;Ensemble Al-Hilal de Tétouan, à l&rsquo;occasion de l&rsquo;anniversaire de feu Abdel Halim Hafez. 2006. Soirée avec l&rsquo;Ensemble Marocain de Musique Arabe, dirigé par Salah Al-Marsali Cherkaoui, à l&rsquo;occasion de l&rsquo;anniversaire de feu Abdel Halim Hafez. 2007. Participation à une importante soirée avec l&rsquo;Ensemble Libre de Musique Arabe, dirigé par le professeur Mustafa Al-Rakra. 2008. Interprétation lors d&rsquo;une importante soirée célébrant la chanson marocaine, Mohamed El Mougy, en hommage à son père, le grand compositeur. Yahya Al-Mouji s&rsquo;est produit en 2009 lors d&rsquo;une grande soirée avec le grand artiste.</p>



<p>Le propriétaire de l&rsquo;Ensemble Al-Hilal s&rsquo;est produit en 2010 lors d&rsquo;une grande soirée avec l&rsquo;artiste Mayada El Hennawy.<br>Abdel-Rafie El-Jawahri a rendu hommage au poète et chanteur.<br>2012 : participation à une soirée hommage.<br>Baligh Hamdi s&rsquo;est produit avec l&rsquo;Ensemble Marocain de Musique Arabe, dirigé par le Maestro Salah El-Sharkawy, à l&rsquo;occasion de l&rsquo;anniversaire de la mort du grand compositeur.<br>2013 : participation à une grande soirée.<br>En hommage à Abdel Halim Hafez.<br>2014 : participation à une grande soirée hommage.<br>À l&rsquo;occasion de l&rsquo;anniversaire de Mohamed El-Haya.<br>2015 : participation à un concert.<br>Le propriétaire de l&rsquo;Ensemble Libre de Musique Arabe, dirigé par le Professeur Mustafa El-Rakra, à l&rsquo;occasion de l&rsquo;anniversaire de l&rsquo;artiste marocain Raja Belmlih.<br>2016 : participation à un concert hommage.<br>Artistes marocains.<br>2017 : Membre du Syndicat des Musiciens Libres.<br>2018 : Tournées artistiques. En Europe</p>



<p>Tournées artistiques en Europe 2019</p>



<p>Organisées par un groupe d&rsquo;associations culturelles et artistiques</p>



<p>Participation à plusieurs émissions de télévision&nbsp;:</p>



<p>(Shada Al-Alhan &#8211; As-Sahra Lakum &#8211; Hadha Laylati &#8211; Nghaniouha Maghribiya &#8211; Alhan Ashaqnaha &#8211; Chaîne marocaine 2<br>Naghmat Watay &#8211; Hadit As-Siniya &#8211; Sahra Al-Eid &#8211; Noujoum Al-Oula…) )&nbsp;: Chaîne marocaine 1<br>(Qatari  Soixante Minutes pour l&rsquo;Art) &#8211; Émission Maqamat sur la chaîne Al-Arab) mdi1 tv &#8211; Émission «&nbsp;Tunis 7&nbsp;» sur la chaîne tunisienne 7</p>



<p>Émission de chant intitulée «&nbsp;Ya Sayyid As-Sadat&nbsp;»</p>



<p>2014&nbsp;: Sortie de l&rsquo;album «&nbsp;Ghana&nbsp;»</p>



<p>2017&nbsp;: Sortie du clip vidéo de la chanson «&nbsp;As-Salat Ala Muhammad&nbsp;»</p>



<p>«&nbsp;Walou Bas&nbsp;», basé aux États-Unis, produit une œuvre authentique Chanson marocaine intitulée « Insoul Records » 2017</p>

<p>Youssef Grifi, né en 1982 à Casablanca, est un chanteur marocain à la voix envoûtante. Il a participé à plusieurs concours de chant prestigieux&nbsp;: 2003&nbsp;: Premier prix national de l’émission «&nbsp;Stars et Stars&nbsp;» sur Channel 2 / 2005&nbsp;: Premier prix national du Festival de la chanson marocaine de Marrakech. Parmi ses autres participations nationales et [&hellip;]</p>
